vided by 625.
547
Calculate the remainder when 147304 is divided by 23.
12
Calculate the remainder when 410 is divided by 2.
0
What is the remainder when 402 is divided by 172?
58
Calculate the remainder when 24489 is divided by 266.
17
What is the remainder when 12801 is divided by 3154?
185
What is the remainder when 1130841 is divided by 572?
569
What is the remainder when 12829 is divided by 6404?
21
What is the remainder when 2399718 is divided by 68?
66
Calculate the remainder when 3405 is divided by 227.
0
What is the remainder when 1906 is divided by 94?
26
Calculate the remainder when 2755 is divided by 2744.
11
What is the remainder when 3133 is divided by 105?
88
What is the remainder when 2669 is divided by 55?
29
What is the remainder when 9628665 is divided by 42?
39
Calculate the remainder when 91343 is divided by 419.
1
What is the remainder when 2612 is divided by 433?
14
Calculate the remainder when 192 is divided by 49.
45
What is the remainder when 3891 is divided by 57?
15
What is the remainder when 7574 is divided by 296?
174
What is the remainder when 3609 is divided by 225?
9
Calculate the remainder when 2765318 is divided by 514.
512
What is the remainder when 28459 is divided by 28?
11
Calculate the remainder when 450600 is divided by 159.
153
What is the remainder when 516750 is divided by 86124?
6
What is the remainder when 30180 is divided by 9610?
1350
What is the remainder when 21154 is divided by 7015?
109
Calculate the remainder when 4295 is divided by 217.
172
What is the remainder when 536357 is divided by 62?
57
Calculate the remainder when 16878 is divided by 196.
22
Calculate the remainder when 216804 is divided by 47.
40
What is the remainder when 3041 is divided by 196?
101
Calculate the remainder when 982 is divided by 90.
82
What is the remainder when 3982 is divided by 2780?
1202
Calculate the remainder when 5102 is divided by 12.
2
Calculate the remainder when 30709 is divided by 830.
829
What is the remainder when 2437 is divided by 209?
138
What is the remainder when 17281 is divided by 165?
121
Calculate the remainder when 260485 is divided by 190.
185
Calculate the remainder when 76057 is divided by 25328.
73
What is the remainder when 3116 is divided by 772?
28
What is the remainder when 15589 is divided by 5184?
37
What is the remainder when 735462 is divided by 617?
615
What is the remainder when 4720 is divided by 225?
220
What is the remainder when 74230 is divided by 74174?
56
Calculate the remainder when 7485 is divided by 1489.
40
Calculate the remainder when 678946 is divided by 20.
6
Calculate the remainder when 583 is divided by 241.
101
Calculate the remainder when 2037 is divided by 2010.
27
Calculate the remainder when 2084 is divided by 848.
388
What is the remainder when 327433 is divided by 59?
42
What is the remainder when 4383 is divided by 340?
303
Calculate the remainder when 70341 is divided by 12.
9
What is the remainder when 5573 is divided by 1664?
581
What is the remainder when 33301 is divided by 33282?
19
Calculate the remainder when 3436 is divided by 266.
244
Calculate the remainder when 713692 is divided by 43.
21
What is the remainder when 413 is divided by 155?
103
What is the remainder when 4537 is divided by 1114?
81
What is the remainder when 31466 is divided by 3483?
119
Calculate the remainder when 360356 is divided by 88.
84
What is the remainder when 31652 is divided by 68?
32
What is the remainder when 1028208 is divided by 32?
16
What is the remainder when 4338 is divided by 106?
98
Calculate the remainder when 19765 is divided by 1185.
805
What is the remainder when 17160 is divided by 7980?
1200
What is the remainder when 4248 is divided by 268?
228
Calculate the remainder when 42806 is divided by 6111.
29
What is the remainder when 1446 is divided by 61?
43
What is the remainder when 40045 is divided by 229?
199
Calculate the remainder when 17128 is divided by 4209.
292
What is the remainder when 646776 is divided by 35932?
0
Calculate the remainder when 4027 is divided by 19.
18
What is the remainder when 140709 is divided by 14?
9
Calculate the remainder when 2241445 is divided by 2550.
2545
What is the remainder when 1760 is divided by 785?
190
Calculate the remainder when 229235 is divided by 31.
21
What is the remainder when 1761 is divided by 420?
81
Calculate the remainder when 79268 is divided by 2086.
0
What is the remainder when 157853 is divided by 290?
93
What is the remainder when 1484055 is divided by 16?
7
What is the remainder when 3928 is divided by 179?
169
What is the remainder when 10650 is divided by 3536?
42
What is the remainder when 173653 is divided by 68?
49
Calculate the remainder when 8026 is divided by 1290.
286
What is the remainder when 260956 is divided by 65233?
24
What is the remainder when 10029 is divided by 1986?
99
Calculate the remainder when 4917 is divided by 1228.
5
What is the remainder when 233 is divided by 179?
54
What is the remainder when 581659 is divided by 229?
228
Calculate the remainder when 7578 is divided by 34.
30
What is the remainder when 4440 is divided by 4403?
37
Calculate the remainder when 24349 is divided by 4867.
14
Calculate the remainder when 11211 is divided by 108.
87
Calculate the remainder when 8828 is divided by 392.
204
What is the remainder when 170836 is divided by 98?
22
What is the remainder when 267 is divided by 129?
9
Calculate the remainder when 7618 is divided by 140.
58
What is the remainder when 55844 is divided by 156?
152
Calculate the remainder when 54483 is divided by 7781.
16
What is the remainder when 43433 is divided by 14437?
122
Calculate the remainder when 11078 is divided by 3646.
140
Calculate the remainder when 73339 is divided by 666.
79
What is the remainder when 12965 is divided by 316?
9
Calculate the remainder when 25424 is divided by 15.
14
What is the remainder when 8939 is divided by 1787?
4
What is the remainder when 5329 is divided by 924?
709
What is the remainder when 14795 is divided by 1049?
109
What is the remainder when 2205 is divided by 1?
0
What is the remainder when 5805 is divided by 387?
0
What is the remainder when 173599 is divided by 102?
97
Calculate the remainder when 6448 is divided by 665.
463
What is the remainder when 13535 is divided by 712?
7
What is the remainder when 19533 is divided by 21?
3
What is the remainder when 165337 is divided by 55087?
76
Calculate the remainder when 4463 is divided by 268.
175
What is the remainder when 1788 is divided by 582?
42
Calculate the remainder when 101508 is divided by 315.
78
What is the remainder when 34998 is divided by 539?
502
What is the remainder when 1496 is divided by 47?
39
Calculate the remainder when 64168 is divided by 31998.
172
Calculate the remainder when 60625 is divided by 519.
421
What is the remainder when 676 is divided by 47?
18
Calculate the remainder when 10453 is divided by 9961.
492
Calculate the remainder when 181166 is divided by 1794.
1766
Calculate the remainder when 6311 is divided by 3153.
5
What is the remainder when 4346 is divided by 840?
146
Calculate the remainder when 2254383 is divided by 44.
43
What is the remainder when 5374191 is divided by 17?
15
Calculate the remainder when 61233 is divided by 170.
33
What is the remainder when 1229 is divided by 1220?
9
What is the remainder when 14024 is divided by 3473?
132
Calculate the remainder when 912 is divided by 276.
84
Calculate the remainder when 12527 is divided by 1251.
17
Calculate the remainder when 1241 is divided by 35.
16
What is the remainder when 35512 is divided by 725?
712
What is the remainder when 5145 is divided by 963?
330
Calculate the remainder when 1747063 is divided by 15.
13
What is the remainder when 146603 is divided by 1423?
34
Calculate the remainder when 112621 is divided by 37.
30
Calculate the remainder when 3736411 is divided by 77.
63
Calculate the remainder when 1330898 is divided by 50.
48
Calculate the remainder when 5181 is divided by 42.
15
Calculate the remainder when 92696 is divided by 188.
12
Calculate the remainder when 1818 is divided by 288.
90
Calculate the remainder when 17652 is divided by 25.
2
Calculate the remainder when 151983 is divided by 64